the greatest common divisor of 9 and l.
9
Let n(h) = 12*h + 140. Let f be n(-9). What is the highest common divisor of f and 400?
16
Suppose 3*h = -5*g + 13697, 23*h - 27*h - 8*g + 18264 = 0. What is the highest common factor of 56 and h?
28
Let s be (0 - -1)/(0 + (-1)/(-465)). Suppose 3*b - 2*b = i - s, -5*i - 5*b + 2275 = 0. What is the greatest common factor of i and 115?
115
Let k be 5 + 0 - 0 - (-1262 - 2346/(-51)). Calculate the greatest common factor of k and 1887.
111
Let x(s) = -s**3 + 2*s - 3*s + 0*s. Let h = 2163 + -2165. Let n be x(h). What is the highest common divisor of n and 25?
5
Suppose 408 = 6*r - 2*r. Let d = 133 + r. Calculate the highest common factor of 47 and d.
47
Let x = 7 - 0. Suppose -x*g - 37 = 5. Let p(j) = -7*j + 13. Let n be p(g). What is the highest common divisor of n and 11?
11
Suppose -7*h + 2240 = h. Let r be 8/(1136/h + -4). What is the greatest common divisor of r and 56?
28
Let p = -199 - -404. Let c = 78646 + -78605. Calculate the greatest common factor of p and c.
41
Let n = -249 + 353. Let k = 109 - n. Suppose -2*v + 91 = 4*i + v, -3*v - 107 = -k*i. Calculate the greatest common factor of 22 and i.
22
Let l(v) = -28*v - 3*v + 31 + 12 - 2 + 17. Let a be l(-7). Calculate the greatest common factor of a and 75.
25
Let j = 4066 - 3576. Calculate the greatest common factor of j and 385.
35
Suppose -63*l = 48*l - 179*l + 74052. Calculate the highest common divisor of l and 627.
33
Suppose -g + z + 5 = -4, 5*z + 25 = 0. Suppose 5*j - 4*o - 79 = 0, 9*o - g*o - 58 = -2*j. Let x = 62 + 109. Calculate the highest common divisor of j and x.
19
Let k(d) = -2*d**3 + 33*d**2 + 14*d + 44. Let n be k(17). Let z be 109 - (n - (-7 + -1)). Calculate the greatest common divisor of z and 27.
27
Suppose -20*u = -21*u + 398. Suppose u = d + 2*d - 2*j, 129 = d + 3*j. What is the greatest common divisor of 24 and d?
12
Suppose 376 = 5*i + 4*s, -3*s = -5*i - 231 + 614. Let g be (152*-1)/((-10)/30). Calculate the highest common factor of g and i.
76
Let o(d) = 3*d - 2. Let f be o(18). Let h be (6 - 2 - (-598)/(-65))*-5. What is the highest common divisor of f and h?
26
Let j be (-4)/(-2)*(3/(-2) + 1). Let r be 4 + 0/(-3) + (-4)/j. Calculate the highest common factor of r and 128.
8
Let u be 2 + 12 + -9 - -4 - -485. Calculate the highest common factor of 13091 and u.
247
Suppose -5165 = -16*k - 4397. Let t(u) = u**3 - 2*u**2 + 2*u - 3. Let d be t(3). Calculate the greatest common factor of k and d.
12
Let y be (-1)/(-2 - ((-452)/76 - -4)). Suppose -127 = -18*w - y. Calculate the highest common factor of 33 and w.
3
Suppose 61*r + 19 - 202 = 0. Let m(j) = j**3 + 5*j**2 + 3*j - 3. Let d = -7 - -4. Let v be m(d). Calculate the highest common divisor of r and v.
3
Suppose 4*h + 1708 = 4*u, 3*h = 136*u - 131*u - 2145. What is the highest common factor of u and 1026?
54
Let f = 15678 + -15667. Let c be (2/3)/((-2)/(-3)). Suppose 0 = 6*x - f - c. Calculate the greatest common divisor of x and 2.
2
Let y be (-4)/(-9)*3*9. Let v = 15 - y. Suppose -5*s + v*s = -58. What is the highest common factor of 29 and s?
29
Let u(t) = 23*t + 629. Let k be u(8). What is the greatest common factor of 6 and k?
3
Let d(w) = -27*w**3 - 3*w**2 + 76*w + 76. Let i be d(-1). Calculate the greatest common factor of 1800 and i.
24
Suppose 3*y - f - 194 = 0, -5*y = 4*f - 0*f - 346. Suppose 0 = 2*w + 5*b - 660, -17*b + 18*b - 330 = -w. What is the greatest common factor of w and y?
66
Let h = 16129 - 15857. What is the greatest common factor of 51 and h?
17
Let w(z) = 2*z**2 + 5*z + 8. Let r be w(0). Let o be (25 + (-1 - -4))/2. Calculate the greatest common divisor of o and r.
2
Suppose -10 = -7*d + 11. Let b be d/(3/20) - -3. Let z be 7/2*4 + -23 + b. What is the greatest common factor of 126 and z?
14
Suppose -7 = 4*j - 27. Suppose -27*f = 608 + 1039. Let x = f - -96. What is the greatest common factor of j and x?
5
Let d(x) = 16*x - 24. Suppose 3*r - 89 = -4*t, -3*t - 17*r + 45 = -22*r. Let u be d(t). What is the highest common divisor of 37 and u?
37
Let f(y) = -y**2 - y + 3. Let v(n) = -n**3 - n**2 - 3. Let x be v(0). Let r be f(x). Let l be 16/(-12) + (-25)/r. What is the greatest common factor of 2 and l?
1
Suppose -2*r + r + 2 = 0. Let s(d) = d**3 - 124*d**2 - 3723*d - 272. Let w be s(149). Calculate the greatest common factor of r and w.
2
Suppose -3*y + 0*y = -5*r, -2*r = y. Suppose 2*s = 5*l - 33, y = 5*s - 2*l + 62 + 52. Let a = 37 + s. Calculate the greatest common factor of 52 and a.
13
Suppose 5*y + 14*n - 279 = 0, y - 3*n + 256 = 5*y. What is the greatest common factor of y and 28140?
67
Suppose 8*w - 93 + 13 = 0. Let t = 20 - 14. Let y(h) = 11*h + 4. Let p be y(t). Calculate the greatest common divisor of p and w.
10
Let q = 3544 - -187. Calculate the greatest common divisor of 91 and q.
91
Suppose -283984 = 21*h - 84*h + 505406. What is the highest common factor of h and 140?
70
Suppose 0 = -3*s - 3*w - 33, -3*s - 31 = -0*w + w. Let t be -4 - (-5)/s*-44. Calculate the highest common factor of 63 and t.
9
Let s = 2 - -19. Suppose -4*z + 27 = 5*n, -s = -2*z - 0*n + 5*n. Suppose -18*v = -17*v - 56. What is the highest common factor of v and z?
8
Let v(d) = d**2 - 4*d - 7. Suppose -4*b = 7*b - 22. Suppose 7*s - b*s = 3*q, s - q = 2. Let l be v(s). What is the highest common factor of l and 98?
14
Suppose -17*o + 853 = -1212 - 145. Calculate the highest common factor of o and 150.
10
Let g(v) be the second derivative of 7*v**4/12 + 4*v**3/3 + 21*v**2/2 + 62*v. Let u be g(-5). Calculate the highest common divisor of u and 26.
26
Let i(t) = t**2 + 27*t - 84. Let o(y) = -y**2 - 29*y + 84. Let v(n) = -2*i(n) - 3*o(n). Let d be v(-37). What is the highest common divisor of d and 224?
32
Suppose 101*z = 58*z + 24*z + 266. What is the highest common divisor of 7434 and z?
14
Let d(l) = -l**3 - l**2 - l + 5. Let w be d(0). Let a be (6 + -4)/(6/369). Let z = a - 98. Calculate the greatest common divisor of w and z.
5
Suppose 0 = -4*p, -4*h + 130 = 5*p - 62. Calculate the greatest common divisor of h and 90.
6
Let g(d) = -3*d**3 - 17*d**2 - 72*d - 2. Let b be g(-11). What is the greatest common divisor of 232 and b?
58
Suppose -6*o = -44*o + 105363 + 4647. What is the greatest common divisor of 45 and o?
15
Let u(l) = l**3 + 12*l**2 - 3*l + 16. Let t be u(-12). Let w(o) = 262*o**2 - 54*o + 52. Let b be w(1). What is the highest common factor of b and t?
52
Let g = -41794 - -41866. Let v(h) = 3*h**2 - 9*h. Let w be v(6). Calculate the greatest common factor of w and g.
18
Suppose 20*t - m = 19*t + 471, -2*t + 4*m = -936. Let v = t + -426. Let w be (-46)/(-8) - (-1)/4. What is the highest common divisor of v and w?
6
Let f(g) = 251*g**2 + 20*g - 34. Let a be f(3). What is the greatest common factor of a and 30?
5
Suppose -26*r - 7*r + 39015 = -18*r. What is the highest common divisor of r and 1071?
153
Let c(l) = 2*l**2 + 25*l - 16. Let b be c(-18). Suppose 5*v + 5*j - 42 = 853, b = v - 2*j. Calculate the highest common divisor of 20 and v.
20
Suppose -83*y + 190 = -889. Let c be (165 - -6) + (0 - 2). What is the greatest common divisor of c and y?
13
Suppose f + 3*d + 598 = 14985, 0 = -2*f - 5*d + 28778. What is the highest common factor of f and 11?
11
Let h be -3 - (146*-15)/6. Suppose 357*t = h*t - 90. Calculate the greatest common divisor of t and 477.
9
Let a(v) = 3*v**2 + 181*v - 82. Let c be a(-61). What is the highest common divisor of c and 1960?
40
Let q(r) = r**2 - 127*r - 15692. Let u be q(-77). Let l(v) = v**2 + 4*v. Let p be l(-6). What is the highest common divisor of u and p?
4
Suppose -43*y + 5911 + 8279 = 0. What is the highest common factor of y and 3090?
30
Suppose 0 = 5*d + 20, -2*d = -g - 48 - 73. Let l = g + 237. Let v = -164 + 236. What is the highest common divisor of l and v?
36
Let m be (66/(-88))/(3/(-8)). Suppose -2*i + 7*s = 2*s - 28, -m*i + s = -44. Calculate the highest common factor of 12 and i.
12
Let y = 28 - 17. Suppose -y = -2*u - 5. Suppose 3*k + 4*f = 51, 7*k - 3*k = f + 87. Calculate the greatest common divisor of k and u.
3
Let h = 25 + -41. Let s be (-8)/((4/(-8))/((-280)/h)). What is the greatest common factor of s and 70?
70
Suppose 3*s - 11*s = -480. Suppose 2*c = -2*c + s. Let r be 5/(c/(-54)*-3). What is the